t y = i + 31. Is y a prime number?
False
Let j = 234 - -185. Is j prime?
True
Let o(p) = 1 + 3*p**2 - 2*p + 20*p**2 - 2*p - 2*p. Let q be o(-8). Suppose 5*f - q = -346. Is f prime?
False
Let l(w) = -w**3 + 11*w**2 + 10*w - 9. Let d(x) be the first derivative of 11*x**4/4 - 2*x**3/3 + x - 4. Let n be d(1). Is l(n) prime?
True
Suppose -j + 5*i + 551 = 0, 2 = -4*i + 3*i. Is j a composite number?
False
Suppose -13 = 3*w + 4*k, -w - k + 0*k = 3. Let y(c) = 5*c + 5*c - w + 0. Is y(2) composite?
False
Suppose 2*o + 2*o + 48 = 0. Let h = o + 26. Is h composite?
True
Suppose 1772 = 5*r - 1173. Is r composite?
True
Let l = 644 + -393. Is l prime?
True
Is (-34)/(-187) - (-1065)/11 composite?
False
Suppose 5904 = 4*d - 724. Is d a composite number?
False
Suppose 0 = -2*q - 3*z + 811, -3*q - z = -5*z - 1208. Let k = q - 277. Is k a composite number?
False
Suppose -4 = n, i = n - 2*n + 241. Suppose -i = 5*g - 10*g. Is g a prime number?
False
Let l(k) = -11*k**2 + 13*k**2 - 2 - 5 + 2*k. Is l(-6) composite?
False
Suppose 8 = 4*t - 2*t. Suppose -3*n + t*n = 31. Is n a composite number?
False
Let v(t) = 11 + 4*t + t + 2*t. Is v(9) prime?
False
Suppose -3*o - 13 = -2*d, -3*d + o = -d - 11. Let b be ((-61)/(-1) - -1)*2. Let i = b - d. Is i a prime number?
False
Let q(u) = -u**3 - 4*u**2 - 4*u + 2. Let p be q(-4). Suppose 0 = 5*z + x - p, 3*z - x = -3*x + 15. Suppose 316 = d + z*d. Is d a composite number?
False
Suppose -18 - 326 = -4*j. Is j composite?
True
Let u(n) = -252*n + 13. Is u(-3) prime?
True
Suppose -19 = -h + 14. Is h a composite number?
True
Suppose -11*k - 16487 = -2*j - 6*k, -4*j + 4*k + 32992 = 0. Is j prime?
False
Suppose 3*m + 447 = 6*m. Is m prime?
True
Let g(v) = v - 1. Let l be g(6). Suppose 8 + 7 = l*z. Suppose 3*p - 339 = -z*h, -4*p + 452 = -2*h - 0*h. Is p a composite number?
False
Let j(r) be the third derivative of -31*r**6/120 + r**2. Let k(d) = -d**2 - 2*d - 1. Let b be k(-2). Is j(b) composite?
False
Let c(m) = -m**3 + 9*m**2 - 7*m - 3. Let y be c(8). Suppose 4*s - 6 = s, s = -y*f + 597. Is f prime?
False
Let w = -79 + 756. Is w composite?
False
Is (-340)/(-1) - (7 - 4) a composite number?
False
Let c = 13 - 8. Suppose -60 = -c*h + 3*h. Suppose a - 4*a = -h. Is a a composite number?
True
Let o(d) = 9*d**3 - 5*d**2 - 7*d - 4. Is o(7) a composite number?
False
Let y(c) = 10*c - 3. Let h be -4*(63/(-12) + 1). Let w = -8 + h. Is y(w) prime?
False
Let p = -6 + 9. Suppose p*x - 14 = -5. Suppose x*v - 66 = v. Is v prime?
False
Suppose -3*w = -w - 62. Let h = -8 + 2. Let d = w - h. Is d composite?
False
Let u be 1 + (-1)/((-2)/456). Suppose t + 3*h = 189, -5*h - u = 5*t - 1224. Suppose -176 = -4*i + t. Is i composite?
True
Suppose 5*s + 0*s = 1345. Is s a composite number?
False
Suppose -4*d = -3*d - 2. Is (6/d)/(-3)*-67 a prime number?
True
Suppose 0 = -5*z + 15 + 80. Suppose -3*v - 5*r = 2*v - 80, -4*v + 5*r + z = 0. Suppose -24 = -5*g + v. Is g a prime number?
True
Let k(z) = -75*z + 3. Let r be k(-7). Suppose 0*q + r = 4*q. Suppose -6*g = -2*g - q. Is g prime?
False
Let m = -1 - -3. Suppose -n - 4*h + 7 = -m, 2*h = -n + 3. Is n*(38/(-3) + 1) composite?
True
Let f(u) be the third derivative of -u**4/4 - u**3 - 2*u**2. Let k be f(-4). Suppose k + 23 = l + 5*r, -5*r = 4*l - 134. Is l prime?
True
Let b(z) be the second derivative of -z**5/20 - z**4/6 + z**3/2 - 3*z**2/2 + z. Let t be b(-3). Is t/(-12) + (-741)/(-12) a composite number?
True
Let m(c) = 14*c**3 + c**2 + c - 1. Is m(1) prime?
False
Suppose -4*j - u + 23 = 0, 0 = -5*j + 3*j - 3*u + 9. Let y = -4 + j. Suppose -y*i + 150 = 4*w, 5*i + 4*w - 343 = 2*w. Is i composite?
False
Let v = -2799 + 5342. Is v prime?
True
Suppose 88 + 38 = 2*u. Suppose -2*i - i = -3*n + 84, -3*n - 4*i = -84. Let b = u - n. Is b a prime number?
False
Is (-1 + -1 + 1)*-683 prime?
True
Suppose 5*x + 25 = 0, 3*u + 0*x = -5*x + 3542. Is u a prime number?
False
Let h be -2*3/12*0. Let x(w) = 2*w + 0*w - 2 + h*w. Is x(2) a composite number?
False
Let g(b) = 69*b. Suppose -5*f = 5*o - 7 - 3, -2*f + o + 1 = 0. Is g(f) prime?
False
Suppose v - 16 = 3*d, -3*v = 2*v + 5*d - 120. Is v - ((-6)/(-3) - 2) a prime number?
False
Let s be (-6)/2 + 15/(-5). Let d be (4/(-3))/(4/s). Suppose y - 8 = 4*j + 22, -j = d. Is y a composite number?
True
Suppose -2*o - 3 = o, 113 = 5*b - 3*o. Suppose 4*m - 15 = -m - 3*v, -2*m = 5*v - 25. Suppose m*d - b = -d. Is d prime?
False
Suppose -4*x + 5*k = -636, 2*k = -2*x - 63 + 381. Is x a prime number?
False
Suppose -5 = -n - 2. Is n composite?
False
Suppose -3*u = -2*u. Suppose -3*b = 6, u = -2*o - 2*b + 5*b + 188. Is o a composite number?
True
Suppose 0 = 10*p - 5*p + 10. Let q(x) = 76*x**2 + 3*x + 1. Is q(p) a composite number?
True
Suppose -3*i + 190 = 2*i. Suppose -5*p - 3*t + i = 0, 0 = 2*p - 3*t + 8*t. Is p a prime number?
False
Let r(w) = -23 + 6 + 6*w + w**2 + 2*w - w. Is r(-12) a prime number?
True
Let f be (-2)/6 - 6/(-18). Suppose f*g + 507 = 3*s - 2*g, 2*s - 3*g - 338 = 0. Is s a prime number?
False
Suppose 3*r + 0*w = -3*w + 6474, r + 2*w = 2163. Is r a composite number?
False
Suppose -16 = f - 2*f. Let a be (f/5)/(1/(-15)). Let c = 121 - a. Is c a composite number?
True
Let v be (-117)/(-4 - (-106)/28). Is (v/(-9) + 1)*-3 prime?
True
Let x(g) = -2*g + 7*g + 2 - 7*g. Let c(k) = -3*k + 2. Let y be c(4). Is x(y) prime?
False
Suppose -6 = 4*p - 18. Suppose -2*f + 0*f = 2*t - 64, t - p*f - 36 = 0. Is t composite?
True
Suppose 0 = 3*h - 2428 - 50. Let x = h - -385. Is x a composite number?
True
Suppose -4*m = -12, 4*m + 3 = 7*r - 2*r. Suppose -j = r*j. Suppose 2*d - 128 = -0*d - 5*a, j = a - 2. Is d a prime number?
True
Suppose 2*a + 0*w - 190 = 2*w, 0 = 5*a - 2*w - 472. Is a a composite number?
True
Let n(h) = -h**3 + 4*h**2 - h - 4. Let w be n(3). Suppose p - 6 = -i, p - 2*i + 8 = 2*p. Suppose -p*b - 140 = w*f - 6*f, -f + 27 = 3*b. Is f a prime number?
False
Let c(y) = 14*y**3 + y**2 + y + 7. Let d(j) = -28*j**3 - 2*j**2 - 2*j - 15. Let q(k) = 5*c(k) + 2*d(k). Is q(4) a composite number?
True
Suppose 0 = 5*x - 0*x - 80. Suppose 3*l - 37 - x = -y, -5*l - 10 = 0. Is y prime?
True
Let j(n) = n**3 + 5*n + 4. Let z be j(-3). Suppose 7*g - 2*g = -3*m + 288, 0 = m - g - 88. Let h = m + z. Is h a composite number?
False
Is -1489*1/(-3) - (-22)/33 a prime number?
False
Let n(a) = -13*a + 6. Let o = -23 - -12. Is n(o) composite?
False
Suppose -4*k = -0*g - g - 1873, -5*g = -k + 492. Is k a composite number?
False
Suppose 0 = 6*r - 9*r + 111. Is r a prime number?
True
Let w = 6 + -3. Let h = w + -4. Let j(i) = -85*i + 1. Is j(h) a composite number?
True
Let r(v) = 31*v - 53. Is r(10) prime?
True
Is 3/12 + (-1279)/(-4) + -1 composite?
True
Suppose 4*d - 7 = -3*c + 5, 2*c - 9 = -3*d. Let v be 1*3 + (-2 - -2). Suppose -2*z - v*t = -58, -d*z - z = 3*t - 104. Is z composite?
False
Let m(y) = -y**3 - y**2 - y. Let h be m(0). Suppose -f = -h*f. Suppose -4*u + u + 42 = f. Is u prime?
False
Let w(o) = 29*o**2 + 8*o - 4. Is w(-7) a prime number?
True
Is -13*(3 + -3 - 3) prime?
False
Let n be 68/20 + (-6)/15. Suppose a + 2*w = 31, -n*a = -w - 0*w - 114. Is a a composite number?
False
Suppose -3*w = -2*w + 5, 5*v = -4*w - 30. Let l(x) = -2*x + 5. Let i be l(4). Is i/v*1910/15 a prime number?
True
Suppose 513 = -2*w - 87. Is (-2)/4 - w/8 prime?
True
Let i = -2418 - -4127. Is i composite?
False
Is 0 - -3 - (1 - (704 + 1)) prime?
False
Suppose 0 = 3*t + 2*c - 17, 4*t + 2*c - 28 = -2*c. Suppose -2*o = -t*o + 22. Is o a prime number?
False
Suppose 592 = 5*q - 3. Is q composite?
True
Let j(z) = -38*z + 3. Is j(-2) prime?
True
Suppose 5*k - 264 = 2*r, 9 = 4*r - 3. Suppose -5*s = 4*f + 4, 3*s + 2 = -5*f - 3. Suppose s = -3*h + 5*m + k, -2*h + 3*h + 2*m = 29. Is h composite?
False
Let k be 0*(-1 + 4)/(-3). Let q = -2 + k. Is q/7 + 466/14 prime?
False
Let q(m) = 3*m**2 - 4*m + 4. Let i be (0 - 1)*(-7 - -4). Is q(i) prime?
True
Let w be 2/(0 + (-2)/(-4)). Let k(t) = 2*t**2 + t + 3. Let l be k(w). Let z = 74 - l. Is z composite?
True
Let a = -38 - -66. Is 4164/a + (-4)/(-14) a composite number?
False
Let b(s) = s**2 - 2. Suppose 0*w + 5*w = -30. Let g be b(w). Let j = 21 + g. Is j composite?
True
Let m(q) = 11*q - 4. Let k(h) = h - 1. Let d(c) = -4*k(c) + m(c). Is d(2) prime?
False
Let h(j) = 7*j**3 - j**2 + 3*j - 